{"id":11986,"date":"2026-02-27T18:06:46","date_gmt":"2026-02-27T16:06:46","guid":{"rendered":"https:\/\/www.budokwai.fi\/taekwondo\/?page_id=11986"},"modified":"2026-04-06T20:53:30","modified_gmt":"2026-04-06T17:53:30","slug":"sim-uu-leiri-2026","status":"publish","type":"page","link":"https:\/\/www.budokwai.fi\/taekwondo\/sim-uu-leiri-2026\/","title":{"rendered":"Sim Uu leiri 10.-12.4.2026 Turku"},"content":{"rendered":"\n<figure class=\"wp-block-image aligncenter size-full is-resized\"><img loading=\"lazy\" decoding=\"async\" width=\"501\" height=\"325\" src=\"https:\/\/www.budokwai.fi\/taekwondo\/wp-content\/uploads\/2026\/03\/WhatsApp-Image-2026-02-27-at-07.50.24.jpg\" alt=\"\" class=\"wp-image-11999\" style=\"width:458px;height:auto\" srcset=\"https:\/\/www.budokwai.fi\/taekwondo\/wp-content\/uploads\/2026\/03\/WhatsApp-Image-2026-02-27-at-07.50.24.jpg 501w, https:\/\/www.budokwai.fi\/taekwondo\/wp-content\/uploads\/2026\/03\/WhatsApp-Image-2026-02-27-at-07.50.24-400x259.jpg 400w\" sizes=\"auto, (max-width: 501px) 100vw, 501px\" \/><\/figure>\n\n\n\n<div class=\"wp-block-group has-palette-color-4-color has-text-color has-link-color has-medium-font-size wp-elements-dcc297a9e94f8d2839f5043961c81517 is-layout-constrained wp-block-group-is-layout-constrained\">\n<p class=\"has-palette-color-5-color has-palette-color-4-background-color has-text-color has-background has-link-color has-medium-font-size wp-elements-e0693b2608c992678fe62ba286f1daba\"><strong>T\u00e4nne p\u00e4ivittyy leirille ilmoittautujien tilanne,  joka kahdeskymmenes ilmoittautuja saa Taekwondo puvun<\/strong> <strong>(valkokauluksinen peruspuku)<\/strong>. <\/p>\n\n\n\n<p><\/p>\n\n\n\n<p class=\"has-palette-color-5-color has-palette-color-4-background-color has-text-color has-background has-link-color has-x-large-font-size wp-elements-513bb46ab711b8c9a52b5597bd95a5fe\">Ilmoittautujia &#8230;. 104, 5.4.26 klo:21:54.<\/p>\n\n\n\n<p class=\"has-palette-color-5-color has-palette-color-4-background-color has-text-color has-background has-link-color has-x-large-font-size wp-elements-972e85c8a0bd254a5803449617cbcc83\">Hienon ennakkoilmoittautumisen vuoksi pid\u00e4mme hinnat loppuun asti viikkojen 12-13 tasossa, kiitos teille ilmoittautuneet.<\/p>\n\n\n\n<p><\/p>\n\n\n\n<p><\/p>\n<\/div>\n\n\n\n<figure class=\"wp-block-table has-x-large-font-size\"><table class=\"has-black-background-color has-background has-fixed-layout\"><tbody><tr><td><strong><mark style=\"background-color:rgba(0, 0, 0, 0);color:#cf2e2e\" class=\"has-inline-color\">HUOM!!   Lounas kuuluu kaikkiin maksupaketteihin<\/mark><\/strong>.<br>Aamupalaa ja iltapalaa voi ostaa my\u00f6s ne ketk\u00e4 eiv\u00e4t y\u00f6vy, 7\u20ac hintaan.<\/td><\/tr><\/tbody><\/table><\/figure>\n\n\n\n<p><strong>Sim Uu leiri Turussa 10-12.4.2026<\/strong><\/p>\n\n\n\n<p><strong>Tervetuloa kev\u00e4\u00e4n 2026 Sim Uu \u2013kutsuleirille Turkuun 10.-12.4.2026.<\/strong><\/p>\n\n\n\n<p><strong>Leiri on suunnattu v\u00e4hint\u00e4\u00e4n vihre\u00e4n vy\u00f6n (6.kup) omaaville lapsille ja v\u00e4hint\u00e4\u00e4n keltaisen vy\u00f6n (8. kup) omaaville nuorille ja aikuisille (yli 9v.).<\/strong><\/p>\n\n\n\n<p><strong>Sim Uu -leiri j\u00e4rjestet\u00e4\u00e4n nyt ensimm\u00e4isen kerran l\u00e4ntisess\u00e4 Suomessa ja Turussa (Budokwai). T\u00e4n\u00e4 vuonna leirin harjoituksia vet\u00e4v\u00e4t kotimaiset taekwondon huippunimet kuten,<\/strong><\/p>\n\n\n\n<p><strong>Krista M\u00e4kinen 6. Dan, Johanna Nukari 6. Dan ,Olli Siltanen 5. Dan ja Kari-Matti Lehti 5. Dan sek\u00e4 muu Budokwain ohjaajakaarti.<\/strong><\/p>\n\n\n\n<p><strong>Lis\u00e4ksi saamme ohjaajavieraaksemme<\/strong><\/p>\n\n\n\n<p><strong>Carsten A. Pedersenin 8. Dan Tanskasta.<\/strong><\/p>\n\n\n\n<p><strong>Kev\u00e4inen Turku tarjoaa monipuolisten ja tasokkaiden harjoitusten lis\u00e4ksi hienoja mahdollisuuksia yhteisiin illanviettoihin lapsille suunnatusta lasersota-kisailusta perjantai ja lauantai illalla aikuisten illanviettoon , joten kannattaa buukata koko viikonloppu ja ottaa kaikki irti mahtavasta viikonlopusta<\/strong><\/p>\n\n\n\n<figure class=\"wp-block-table\"><table class=\"has-fixed-layout\"><tbody><tr><td colspan=\"2\">Info<\/td><\/tr><tr><td>Leiripaikka<\/td><td>Kamppailukeskus Budokwai, Uhril\u00e4hteenkatu 2, 20250 Turku Kamppailukeskus Budokwai sijaitsee Turussa K-supermarket Manhattania vastap\u00e4\u00e4t\u00e4. K\u00e4velymatka rautatieasemalta on 1,7 km. Bussit nro 20, 201 ja 203 pys\u00e4htyv\u00e4t Kamppailukeskus Budokwain kohdalla. Salin pihalla on my\u00f6s mukavasti pys\u00e4k\u00f6intitilaa omalla autolla kulkeville. <a href=\"https:\/\/www.budokwai.fi\/taekwondo\/seura\/sali-dojang\/\">Budokwai sali<\/a><\/td><\/tr><tr><td><br><br>Varusteet<\/td><td>dobok ja vy\u00f6 treenaamiseen<br>omat suojat hyv\u00e4 olla<br>jalka ja\/tai suihkupyyhe<br>juomapullo<br>TKD-passi<br>salimajoittujat: makuupussi\/peitto\/patja\/tyyny, omat hygieniatuotteet<\/td><\/tr><tr><td><br><br>Majoitus<\/td><td><br><br>Salimajoitus: 15\u20ac y\u00f6, sis\u00e4lt\u00e4\u00e4 : iltapalan aamupalan \u2022 <strong>HUOM!!! 40 ensim\u00e4iselle ilmapatja k\u00e4ytt\u00f6\u00f6n<\/strong>, salissa pelej\u00e4 ja punttisali<\/td><\/tr><tr><td>Siisteys ja j\u00e4rjestys<\/td><td>Pid\u00e4 sali siistin\u00e4: sy\u00f6 vain sille tarkoitetulla alueella<br>S\u00e4ilyt\u00e4 tavarasi omassa kassissa, ei pukuhuoneessa.<br>Muista kun otat keng\u00e4si l\u00e4htiess\u00e4 ulos, ett\u00e4 on varmasti sinun kenk\u00e4si<br>Pid\u00e4 laukkusi sivustalla, jotta sali ei tukkeudu.<br>Nimikoi laukkusi, se voi sekoittua.<\/td><\/tr><tr><td>Buffet<\/td><td>Buffetista voi ostaa juotavia ja pient\u00e4 ev\u00e4st\u00e4 (maksu mielell\u00e4\u00e4n kortilla).<\/td><\/tr><tr><td>Vakuutus<\/td><td>Jokainen leiril\u00e4inen vastaa vakuutuksistaan itse.<\/td><\/tr><tr><td>Pys\u00e4k\u00f6inti<\/td><td>Salin vieress\u00e4 iso ilmainen pys\u00e4k\u00f6intipaikka<\/td><\/tr><tr><td>L\u00e4hipalvelut<\/td><td>S-Market Manhattan 200m<br>ABC kylm\u00e4asema Manhattan 200m<br>L\u00e4hin apteekki, Yliopiston Apteekki, Yliopistonkatu 18, 20100 Turku 3,1km<\/td><\/tr><tr><td>Yhteystiedot<\/td><td>Harjoituksiin liittyv\u00e4t kysymykset Kari-Matti Lehti 050-5606264<br>Kaikki muut kyselyt Sami Kiikola 044-3322117<\/td><\/tr><\/tbody><\/table><\/figure>\n\n\n\n<figure class=\"wp-block-table\"><table class=\"has-fixed-layout\"><tbody><tr><td>Ilmoittautuminen ja hinnasto<\/td><\/tr><\/tbody><\/table><\/figure>\n\n\n\n<p>Sim Uu -leiri ei ole vain treenip\u00e4iv\u00e4 \u2013 se on kokonainen viikonloppukokemus.<\/p>\n\n\n\n<p>Voit osallistua lauantaina tai tulla mukaan koko viikonlopuksi.<br>Jos haluat kokea leirin t\u00e4ysipainoisesti, suosittelemme viikonloppupassia \u2013 silloin p\u00e4\u00e4set mukaan koko harjoitusrakenteeseen perjantaista sunnuntaihin.<\/p>\n\n\n\n<p>Sinun ei tarvitse mietti\u00e4 lis\u00e4valintoja \u2013 saavut paikalle ja keskityt olennaiseen.<\/p>\n\n\n\n<p>Leirin tunnelma syntyy yhdess\u00e4 vietetyist\u00e4 hetkist\u00e4 \u2013 harjoituksista, illanvietosta ja yhteisist\u00e4 aamuista.<\/p>\n\n\n\n<p>Mit\u00e4 aikaisemmin ilmoittaudut, sit\u00e4 edullisemman hinnan saat.<\/p>\n\n\n\n<p>Aikainen ilmoittautuminen auttaa meit\u00e4 suunnittelemaan ryhm\u00e4t, ruokailut ja majoituksen sujuvasti.<\/p>\n\n\n\n<p><strong>Joka kahdeskymmenes ilmoittautuja saa Taekwondo puvun<\/strong> <strong>(valkokauluksinen peruspuku)<\/strong><\/p>\n\n\n\n<p><\/p>\n\n\n\n<figure class=\"wp-block-table\"><table class=\"has-fixed-layout\"><tbody><tr><td><strong>VIIKOT 10-11 <a href=\"https:\/\/docs.google.com\/forms\/d\/e\/1FAIpQLScZHF9NXHg92yS6o3oZRZ7oC4M2TMgjIintbEZX6FaLKcIuyw\/viewform?usp=header\">ILMOITTAUDU<\/a><\/strong><\/td><td><strong>Superviikonloppu All-In, Sis\u00e4lt\u00e4\u00e4 kaiken , <\/strong><strong>ruuat ja y\u00f6pymiset salilla \u2013 115 \u20ac <\/strong>Koko viikonlopun leiripassi + p\u00e4iv\u00e4llinen \u2013 90 \u20ac Lauantaipassi + p\u00e4iv\u00e4llinen \u2013 70 \u20ac Lauantaipassi , ilman p\u00e4iv\u00e4llist\u00e4 \u2013 60 \u20ac<\/td><\/tr><tr><td><strong>VIIKOT 12-13<a href=\"https:\/\/docs.google.com\/forms\/d\/e\/1FAIpQLSf4BSr4f5MTRmYM6ByoZT-iVyaQRHFo_fr3HdkuuumaeZSzGw\/viewform?usp=header\"> ILMOITTAUDU<\/a><\/strong><\/td><td>Koko viikonlopun leiripassi + p\u00e4iv\u00e4llinen \u2013 99 \u20ac Lauantaipassi + p\u00e4iv\u00e4llinen \u2013 80 \u20ac Lauantaipassi , ilman p\u00e4iv\u00e4llist\u00e4\u2013 70 \u20ac<\/td><\/tr><tr><td><strong>VIIKOT 14-15 <\/strong><a href=\"https:\/\/docs.google.com\/forms\/d\/e\/1FAIpQLSfu-M9ZV788IIPRXE56Jf4N5jw3busTYzZgzk1pM5-a4UW1-w\/viewform?usp=header\"><strong>ILMOITTAUDU<\/strong><\/a><\/td><td>Koko viikonlopun leiripassi + p\u00e4iv\u00e4llinen \u2013 109 \u20ac Lauantaipassi + p\u00e4iv\u00e4llinen \u2013 90 \u20ac Lauantaipassi , ilman p\u00e4iv\u00e4llist\u00e4 \u2013 80 \u20ac<\/td><\/tr><\/tbody><\/table><\/figure>\n\n\n\n<figure class=\"wp-block-table\"><table class=\"has-fixed-layout\"><tbody><tr><td>Ruokailu<\/td><\/tr><\/tbody><\/table><\/figure>\n\n\n\n<figure class=\"wp-block-table\"><table class=\"has-fixed-layout\"><tbody><tr><td><strong>IIltapala ja aamupala<\/strong><\/td><td>leip\u00e4\u00e4 + erilaisia leiv\u00e4n p\u00e4\u00e4llisi\u00e4 ,hedelmi\u00e4 , jugurttia, kananmunia ja puuroa<\/td><\/tr><\/tbody><\/table><\/figure>\n\n\n\n<figure class=\"wp-block-table\"><table class=\"has-fixed-layout\"><tbody><tr><td><strong>Lounas<\/strong><\/td><td><\/td><\/tr><\/tbody><\/table><\/figure>\n\n\n\n<p>Salaatti &amp; Leip\u00e4 &amp; keitto<\/p>\n\n\n\n<p>Viherversosalaattia (M, G)<\/p>\n\n\n\n<p>Kananmunia (M, G)<\/p>\n\n\n\n<p>Tomaatti &amp; Kurkku (M, G)<\/p>\n\n\n\n<p>Raejuusto (L, G)<\/p>\n\n\n\n<p>Ruisleip\u00e4, N\u00e4kkileip\u00e4, kauraleip\u00e4, porkkana-perunaleip\u00e4 ja voita (L)<\/p>\n\n\n\n<p>Naudanjauheliha keitto (M, G)<\/p>\n\n\n\n<p>Kahvi &amp; tee<\/p>\n\n\n\n<p>Kasvis vaihtoehto\uff1aSienikeitto (L,G)<\/p>\n\n\n\n<p><\/p>\n\n\n\n<p><strong>P\u00e4iv\u00e4llinen<\/strong><\/p>\n\n\n\n<p>Salaatit:<\/p>\n\n\n\n<p>Kimchi (V,G)<\/p>\n\n\n\n<p>Kiinankaalisalaatti<\/p>\n\n\n\n<p>Gamja salad (L,G)<\/p>\n\n\n\n<p>omena-perunasalaatti<\/p>\n\n\n\n<p>Sigeumchi Namul (,G)<\/p>\n\n\n\n<p>pinaatti-porkkanasalaatti<\/p>\n\n\n\n<p>L\u00e4mpim\u00e4n\u00e4:<\/p>\n\n\n\n<p>Bibimbab riisi\u00e4 (V,G)<\/p>\n\n\n\n<p>Friteerattua broileria, gochujang majoneesia (M)<\/p>\n\n\n\n<p>Seesam-mustapippuri marinoitua porsaan filett\u00e4 (M,G)<\/p>\n\n\n\n<p>Grillattua kaalia, rapeaa valkosipulia ja tofua (V,G)<\/p>\n\n\n\n<p>Kahvi\/tee<\/p>\n\n\n\n<p><br><img decoding=\"async\" class=\"wp-image-12039\" style=\"width: NaNpx;\" src=\"https:\/\/www.budokwai.fi\/taekwondo\/wp-content\/uploads\/2026\/03\/Leiriohjelma-final.docx\" alt=\"\"><img decoding=\"async\" class=\"wp-image-12040\" style=\"width: NaNpx;\" src=\"https:\/\/www.budokwai.fi\/taekwondo\/wp-content\/uploads\/2026\/03\/Leiriohjelma-final-1.docx\" alt=\"\"><\/p>\n\n\n\n<div data-wp-interactive=\"core\/file\" class=\"wp-block-file\"><object data-wp-bind--hidden=\"!state.hasPdfPreview\" hidden class=\"wp-block-file__embed\" data=\"https:\/\/www.budokwai.fi\/taekwondo\/wp-content\/uploads\/2026\/03\/Leiriohjelma-final.pdf\" type=\"application\/pdf\" style=\"width:100%;height:600px\" aria-label=\"Tiedoston Leiriohjelma - final upotus.\"><\/object><a id=\"wp-block-file--media-28b3fe0c-2b89-4b28-a5be-ea689f4db79f\" href=\"https:\/\/www.budokwai.fi\/taekwondo\/wp-content\/uploads\/2026\/03\/Leiriohjelma-final.pdf\">Leiriohjelma &#8211; final<\/a><a href=\"https:\/\/www.budokwai.fi\/taekwondo\/wp-content\/uploads\/2026\/03\/Leiriohjelma-final.pdf\" class=\"wp-block-file__button wp-element-button\" download aria-describedby=\"wp-block-file--media-28b3fe0c-2b89-4b28-a5be-ea689f4db79f\">Lataa<\/a><\/div>\n\n\n\n<figure class=\"wp-block-image size-large\"><img loading=\"lazy\" decoding=\"async\" width=\"800\" height=\"568\" src=\"https:\/\/www.budokwai.fi\/taekwondo\/wp-content\/uploads\/2026\/04\/SIM-UU-LEIRI-POHJAPIIRROS-800x568.png\" alt=\"\" class=\"wp-image-12055\" srcset=\"https:\/\/www.budokwai.fi\/taekwondo\/wp-content\/uploads\/2026\/04\/SIM-UU-LEIRI-POHJAPIIRROS-800x568.png 800w, https:\/\/www.budokwai.fi\/taekwondo\/wp-content\/uploads\/2026\/04\/SIM-UU-LEIRI-POHJAPIIRROS-400x284.png 400w, https:\/\/www.budokwai.fi\/taekwondo\/wp-content\/uploads\/2026\/04\/SIM-UU-LEIRI-POHJAPIIRROS-768x546.png 768w, https:\/\/www.budokwai.fi\/taekwondo\/wp-content\/uploads\/2026\/04\/SIM-UU-LEIRI-POHJAPIIRROS.png 1067w\" sizes=\"auto, (max-width: 800px) 100vw, 800px\" \/><\/figure>\n\n\n\n<figure class=\"wp-block-image size-large\"><img loading=\"lazy\" decoding=\"async\" width=\"800\" height=\"457\" src=\"https:\/\/www.budokwai.fi\/taekwondo\/wp-content\/uploads\/2026\/04\/Sim-Uu-leriri-kartta-800x457.png\" alt=\"\" class=\"wp-image-12057\" srcset=\"https:\/\/www.budokwai.fi\/taekwondo\/wp-content\/uploads\/2026\/04\/Sim-Uu-leriri-kartta-800x457.png 800w, https:\/\/www.budokwai.fi\/taekwondo\/wp-content\/uploads\/2026\/04\/Sim-Uu-leriri-kartta-400x228.png 400w, https:\/\/www.budokwai.fi\/taekwondo\/wp-content\/uploads\/2026\/04\/Sim-Uu-leriri-kartta-768x438.png 768w, https:\/\/www.budokwai.fi\/taekwondo\/wp-content\/uploads\/2026\/04\/Sim-Uu-leriri-kartta-1536x877.png 1536w, https:\/\/www.budokwai.fi\/taekwondo\/wp-content\/uploads\/2026\/04\/Sim-Uu-leriri-kartta.png 1882w\" sizes=\"auto, (max-width: 800px) 100vw, 800px\" \/><\/figure>\n","protected":false},"excerpt":{"rendered":"<p>T\u00e4nne p\u00e4ivittyy leirille ilmoittautujien tilanne, joka kahdeskymmenes ilmoittautuja saa Taekwondo puvun (valkokauluksinen peruspuku). Ilmoittautujia &#8230;. 104, 5.4.26 klo:21:54. Hienon ennakkoilmoittautumisen vuoksi pid\u00e4mme hinnat loppuun asti viikkojen 12-13 tasossa, kiitos teille ilmoittautuneet. HUOM!! Lounas kuuluu kaikkiin maksupaketteihin.Aamupalaa ja iltapalaa voi ostaa my\u00f6s ne ketk\u00e4 eiv\u00e4t y\u00f6vy, 7\u20ac hintaan. Sim Uu leiri Turussa 10-12.4.2026 Tervetuloa kev\u00e4\u00e4n 2026 [&hellip;]<\/p>\n","protected":false},"author":14,"featured_media":0,"parent":0,"menu_order":0,"comment_status":"closed","ping_status":"closed","template":"","meta":{"_gspb_post_css":"","footnotes":""},"class_list":["post-11986","page","type-page","status-publish","hentry"],"blocksy_meta":[],"jetpack_shortlink":"https:\/\/wp.me\/P2Mq3v-37k","jetpack_sharing_enabled":true,"_links":{"self":[{"href":"https:\/\/www.budokwai.fi\/taekwondo\/wp-json\/wp\/v2\/pages\/11986","targetHints":{"allow":["GET"]}}],"collection":[{"href":"https:\/\/www.budokwai.fi\/taekwondo\/wp-json\/wp\/v2\/pages"}],"about":[{"href":"https:\/\/www.budokwai.fi\/taekwondo\/wp-json\/wp\/v2\/types\/page"}],"author":[{"embeddable":true,"href":"https:\/\/www.budokwai.fi\/taekwondo\/wp-json\/wp\/v2\/users\/14"}],"replies":[{"embeddable":true,"href":"https:\/\/www.budokwai.fi\/taekwondo\/wp-json\/wp\/v2\/comments?post=11986"}],"version-history":[{"count":25,"href":"https:\/\/www.budokwai.fi\/taekwondo\/wp-json\/wp\/v2\/pages\/11986\/revisions"}],"predecessor-version":[{"id":12058,"href":"https:\/\/www.budokwai.fi\/taekwondo\/wp-json\/wp\/v2\/pages\/11986\/revisions\/12058"}],"wp:attachment":[{"href":"https:\/\/www.budokwai.fi\/taekwondo\/wp-json\/wp\/v2\/media?parent=11986"}],"curies":[{"name":"wp","href":"https:\/\/api.w.org\/{rel}","templated":true}]}}