{"id":655,"date":"2015-10-30T23:10:04","date_gmt":"2015-10-30T21:10:04","guid":{"rendered":"http:\/\/www.budokwai.fi\/karate\/wp\/?page_id=655"},"modified":"2017-04-09T22:16:37","modified_gmt":"2017-04-09T19:16:37","slug":"ippon-kumite-1","status":"publish","type":"page","link":"https:\/\/www.budokwai.fi\/karate\/ippon-kumite-1\/","title":{"rendered":"Ippon kumite 1"},"content":{"rendered":"<h2>Ippon Kumite\u00a0Chudan uke 1<\/h2>\n<p><strong>Sanallisesti<\/strong><\/p>\n<p>H: Junzuki chudan<\/p>\n<p>P: Hy\u00f6kk\u00e4yslinjalta v\u00e4istet\u00e4\u00e4n lyhyell\u00e4 liu\u00f9tuksella takaviistoon ly\u00f6nnin vasemmalle puolelle rintamasuunnan pysyess\u00e4 kohti hy\u00f6kk\u00e4\u00e4j\u00e4\u00e4. Samalla torjutaan soto-uke oikealla k\u00e4dell\u00e4. V\u00e4litt\u00f6m\u00e4sti torjunnan j\u00e4lkeen tartutaan torjuneella, oikealla k\u00e4dell\u00e4 kiinni vastustajan oikean k\u00e4den ranteesta, horjutetaan vastustajaa vet\u00e4m\u00e4ll\u00e4 k\u00e4dest\u00e4 ja suoritetaan samanaikaisesti vastahy\u00f6kk\u00e4yksen\u00e4 maegeri chudan oikealla, etumaisella jalalla. Vastahy\u00f6kk\u00e4yst\u00e4 jatketaan edelleen vasemman puoleisella chudan gyakuzukilla ajoitettuna yht\u00e4aikaiseksi potkun palautuksen kanssa.<\/p>\n<p>&nbsp;<\/p>\n<p><b>Kuvilla<br \/>\n<img loading=\"lazy\" decoding=\"async\" class=\"alignnone size-medium wp-image-1045\" src=\"http:\/\/www.budokwai.fi\/karate\/wp\/wp-content\/uploads\/2015\/10\/ippon.kumite.1.clip_.000-300x245.jpg\" alt=\"\" width=\"300\" height=\"245\" srcset=\"https:\/\/www.budokwai.fi\/karate\/wp\/wp-content\/uploads\/2015\/10\/ippon.kumite.1.clip_.000-300x245.jpg 300w, https:\/\/www.budokwai.fi\/karate\/wp\/wp-content\/uploads\/2015\/10\/ippon.kumite.1.clip_.000.jpg 305w\" sizes=\"auto, (max-width: 300px) 100vw, 300px\" \/> <img loading=\"lazy\" decoding=\"async\" class=\"alignnone size-medium wp-image-1044\" src=\"http:\/\/www.budokwai.fi\/karate\/wp\/wp-content\/uploads\/2015\/10\/ippon.kumite.1.clip_.001-300x245.jpg\" alt=\"\" width=\"300\" height=\"245\" srcset=\"https:\/\/www.budokwai.fi\/karate\/wp\/wp-content\/uploads\/2015\/10\/ippon.kumite.1.clip_.001-300x245.jpg 300w, https:\/\/www.budokwai.fi\/karate\/wp\/wp-content\/uploads\/2015\/10\/ippon.kumite.1.clip_.001.jpg 305w\" sizes=\"auto, (max-width: 300px) 100vw, 300px\" \/> <img loading=\"lazy\" decoding=\"async\" class=\"alignnone size-medium wp-image-1043\" src=\"http:\/\/www.budokwai.fi\/karate\/wp\/wp-content\/uploads\/2015\/10\/ippon.kumite.1.clip_.002-300x245.jpg\" alt=\"\" width=\"300\" height=\"245\" srcset=\"https:\/\/www.budokwai.fi\/karate\/wp\/wp-content\/uploads\/2015\/10\/ippon.kumite.1.clip_.002-300x245.jpg 300w, https:\/\/www.budokwai.fi\/karate\/wp\/wp-content\/uploads\/2015\/10\/ippon.kumite.1.clip_.002.jpg 305w\" sizes=\"auto, (max-width: 300px) 100vw, 300px\" \/> <img loading=\"lazy\" decoding=\"async\" class=\"alignnone size-medium wp-image-1042\" src=\"http:\/\/www.budokwai.fi\/karate\/wp\/wp-content\/uploads\/2015\/10\/ippon.kumite.1.clip_.003-300x245.jpg\" alt=\"\" width=\"300\" height=\"245\" srcset=\"https:\/\/www.budokwai.fi\/karate\/wp\/wp-content\/uploads\/2015\/10\/ippon.kumite.1.clip_.003-300x245.jpg 300w, https:\/\/www.budokwai.fi\/karate\/wp\/wp-content\/uploads\/2015\/10\/ippon.kumite.1.clip_.003.jpg 305w\" sizes=\"auto, (max-width: 300px) 100vw, 300px\" \/> <img loading=\"lazy\" decoding=\"async\" class=\"alignnone size-medium wp-image-1041\" src=\"http:\/\/www.budokwai.fi\/karate\/wp\/wp-content\/uploads\/2015\/10\/ippon.kumite.1.clip_.004-300x245.jpg\" alt=\"\" width=\"300\" height=\"245\" srcset=\"https:\/\/www.budokwai.fi\/karate\/wp\/wp-content\/uploads\/2015\/10\/ippon.kumite.1.clip_.004-300x245.jpg 300w, https:\/\/www.budokwai.fi\/karate\/wp\/wp-content\/uploads\/2015\/10\/ippon.kumite.1.clip_.004.jpg 305w\" sizes=\"auto, (max-width: 300px) 100vw, 300px\" \/> <img loading=\"lazy\" decoding=\"async\" class=\"alignnone size-medium wp-image-1040\" src=\"http:\/\/www.budokwai.fi\/karate\/wp\/wp-content\/uploads\/2015\/10\/ippon.kumite.1.clip_.005-300x245.jpg\" alt=\"\" width=\"300\" height=\"245\" srcset=\"https:\/\/www.budokwai.fi\/karate\/wp\/wp-content\/uploads\/2015\/10\/ippon.kumite.1.clip_.005-300x245.jpg 300w, https:\/\/www.budokwai.fi\/karate\/wp\/wp-content\/uploads\/2015\/10\/ippon.kumite.1.clip_.005.jpg 305w\" sizes=\"auto, (max-width: 300px) 100vw, 300px\" \/> <img loading=\"lazy\" decoding=\"async\" class=\"alignnone size-medium wp-image-1039\" src=\"http:\/\/www.budokwai.fi\/karate\/wp\/wp-content\/uploads\/2015\/10\/ippon.kumite.1.clip_.006-300x245.jpg\" alt=\"\" width=\"300\" height=\"245\" srcset=\"https:\/\/www.budokwai.fi\/karate\/wp\/wp-content\/uploads\/2015\/10\/ippon.kumite.1.clip_.006-300x245.jpg 300w, https:\/\/www.budokwai.fi\/karate\/wp\/wp-content\/uploads\/2015\/10\/ippon.kumite.1.clip_.006.jpg 305w\" sizes=\"auto, (max-width: 300px) 100vw, 300px\" \/> <img loading=\"lazy\" decoding=\"async\" class=\"alignnone size-medium wp-image-1038\" src=\"http:\/\/www.budokwai.fi\/karate\/wp\/wp-content\/uploads\/2015\/10\/ippon.kumite.1.clip_.007-300x245.jpg\" alt=\"\" width=\"300\" height=\"245\" srcset=\"https:\/\/www.budokwai.fi\/karate\/wp\/wp-content\/uploads\/2015\/10\/ippon.kumite.1.clip_.007-300x245.jpg 300w, https:\/\/www.budokwai.fi\/karate\/wp\/wp-content\/uploads\/2015\/10\/ippon.kumite.1.clip_.007.jpg 305w\" sizes=\"auto, (max-width: 300px) 100vw, 300px\" \/><br \/>\n<\/b><\/p>\n<p>&nbsp;<\/p>\n<p>&nbsp;<\/p>\n","protected":false},"excerpt":{"rendered":"<p>Ippon Kumite\u00a0Chudan uke 1 Sanallisesti H: Junzuki chudan P: Hy\u00f6kk\u00e4yslinjalta v\u00e4istet\u00e4\u00e4n lyhyell\u00e4 liu\u00f9tuksella takaviistoon ly\u00f6nnin vasemmalle puolelle rintamasuunnan pysyess\u00e4 kohti hy\u00f6kk\u00e4\u00e4j\u00e4\u00e4. Samalla torjutaan soto-uke oikealla k\u00e4dell\u00e4. V\u00e4litt\u00f6m\u00e4sti torjunnan j\u00e4lkeen tartutaan torjuneella, oikealla k\u00e4dell\u00e4 kiinni vastustajan oikean k\u00e4den ranteesta, horjutetaan vastustajaa vet\u00e4m\u00e4ll\u00e4 k\u00e4dest\u00e4 ja suoritetaan samanaikaisesti vastahy\u00f6kk\u00e4yksen\u00e4 maegeri chudan oikealla, etumaisella jalalla. Vastahy\u00f6kk\u00e4yst\u00e4 jatketaan edelleen vasemman&#8230;  <a class=\"excerpt-read-more\" href=\"https:\/\/www.budokwai.fi\/karate\/ippon-kumite-1\/\" title=\"Ippon kumite 1\">Lue lis\u00e4\u00e4 &raquo;<\/a><\/p>\n","protected":false},"author":3,"featured_media":0,"parent":0,"menu_order":0,"comment_status":"closed","ping_status":"closed","template":"full-width.php","meta":{"_acf_changed":false,"_monsterinsights_skip_tracking":false,"_monsterinsights_sitenote_active":false,"_monsterinsights_sitenote_note":"","_monsterinsights_sitenote_category":0,"footnotes":""},"class_list":["post-655","page","type-page","status-publish","hentry"],"acf":[],"yoast_head":"<!-- This site is optimized with the Yoast SEO plugin v27.5 - https:\/\/yoast.com\/product\/yoast-seo-wordpress\/ -->\n<title>Ippon kumite 1 - Budokwai Karate<\/title>\n<meta name=\"robots\" content=\"index, follow, max-snippet:-1, max-image-preview:large, max-video-preview:-1\" \/>\n<link rel=\"canonical\" href=\"https:\/\/www.budokwai.fi\/karate\/ippon-kumite-1\/\" \/>\n<meta property=\"og:locale\" content=\"fi_FI\" \/>\n<meta property=\"og:type\" content=\"article\" \/>\n<meta property=\"og:title\" content=\"Ippon kumite 1 - Budokwai Karate\" \/>\n<meta property=\"og:description\" content=\"Ippon Kumite\u00a0Chudan uke 1 Sanallisesti H: Junzuki chudan P: Hy\u00f6kk\u00e4yslinjalta v\u00e4istet\u00e4\u00e4n lyhyell\u00e4 liu\u00f9tuksella takaviistoon ly\u00f6nnin vasemmalle puolelle rintamasuunnan pysyess\u00e4 kohti hy\u00f6kk\u00e4\u00e4j\u00e4\u00e4. Samalla torjutaan soto-uke oikealla k\u00e4dell\u00e4. V\u00e4litt\u00f6m\u00e4sti torjunnan j\u00e4lkeen tartutaan torjuneella, oikealla k\u00e4dell\u00e4 kiinni vastustajan oikean k\u00e4den ranteesta, horjutetaan vastustajaa vet\u00e4m\u00e4ll\u00e4 k\u00e4dest\u00e4 ja suoritetaan samanaikaisesti vastahy\u00f6kk\u00e4yksen\u00e4 maegeri chudan oikealla, etumaisella jalalla. Vastahy\u00f6kk\u00e4yst\u00e4 jatketaan edelleen vasemman... Lue lis\u00e4\u00e4 &raquo;\" \/>\n<meta property=\"og:url\" content=\"https:\/\/www.budokwai.fi\/karate\/ippon-kumite-1\/\" \/>\n<meta property=\"og:site_name\" content=\"Budokwai Karate\" \/>\n<meta property=\"article:publisher\" content=\"https:\/\/www.facebook.com\/budokwaikarateturku\/\" \/>\n<meta property=\"article:modified_time\" content=\"2017-04-09T19:16:37+00:00\" \/>\n<meta property=\"og:image\" content=\"http:\/\/www.budokwai.fi\/karate\/wp\/wp-content\/uploads\/2015\/10\/ippon.kumite.1.clip_.000-300x245.jpg\" \/>\n<meta name=\"twitter:card\" content=\"summary_large_image\" \/>\n<script type=\"application\/ld+json\" class=\"yoast-schema-graph\">{\"@context\":\"https:\\\/\\\/schema.org\",\"@graph\":[{\"@type\":\"WebPage\",\"@id\":\"https:\\\/\\\/www.budokwai.fi\\\/karate\\\/ippon-kumite-1\\\/\",\"url\":\"https:\\\/\\\/www.budokwai.fi\\\/karate\\\/ippon-kumite-1\\\/\",\"name\":\"Ippon kumite 1 - Budokwai Karate\",\"isPartOf\":{\"@id\":\"https:\\\/\\\/www.budokwai.fi\\\/karate\\\/#website\"},\"primaryImageOfPage\":{\"@id\":\"https:\\\/\\\/www.budokwai.fi\\\/karate\\\/ippon-kumite-1\\\/#primaryimage\"},\"image\":{\"@id\":\"https:\\\/\\\/www.budokwai.fi\\\/karate\\\/ippon-kumite-1\\\/#primaryimage\"},\"thumbnailUrl\":\"http:\\\/\\\/www.budokwai.fi\\\/karate\\\/wp\\\/wp-content\\\/uploads\\\/2015\\\/10\\\/ippon.kumite.1.clip_.000-300x245.jpg\",\"datePublished\":\"2015-10-30T21:10:04+00:00\",\"dateModified\":\"2017-04-09T19:16:37+00:00\",\"breadcrumb\":{\"@id\":\"https:\\\/\\\/www.budokwai.fi\\\/karate\\\/ippon-kumite-1\\\/#breadcrumb\"},\"inLanguage\":\"en-US\",\"potentialAction\":[{\"@type\":\"ReadAction\",\"target\":[\"https:\\\/\\\/www.budokwai.fi\\\/karate\\\/ippon-kumite-1\\\/\"]}]},{\"@type\":\"ImageObject\",\"inLanguage\":\"en-US\",\"@id\":\"https:\\\/\\\/www.budokwai.fi\\\/karate\\\/ippon-kumite-1\\\/#primaryimage\",\"url\":\"https:\\\/\\\/www.budokwai.fi\\\/karate\\\/wp\\\/wp-content\\\/uploads\\\/2015\\\/10\\\/ippon.kumite.1.clip_.000.jpg\",\"contentUrl\":\"https:\\\/\\\/www.budokwai.fi\\\/karate\\\/wp\\\/wp-content\\\/uploads\\\/2015\\\/10\\\/ippon.kumite.1.clip_.000.jpg\",\"width\":305,\"height\":249},{\"@type\":\"BreadcrumbList\",\"@id\":\"https:\\\/\\\/www.budokwai.fi\\\/karate\\\/ippon-kumite-1\\\/#breadcrumb\",\"itemListElement\":[{\"@type\":\"ListItem\",\"position\":1,\"name\":\"Home\",\"item\":\"https:\\\/\\\/www.budokwai.fi\\\/karate\\\/\"},{\"@type\":\"ListItem\",\"position\":2,\"name\":\"Ippon kumite 1\"}]},{\"@type\":\"WebSite\",\"@id\":\"https:\\\/\\\/www.budokwai.fi\\\/karate\\\/#website\",\"url\":\"https:\\\/\\\/www.budokwai.fi\\\/karate\\\/\",\"name\":\"Budokwai Karate\",\"description\":\"Budokwai karate\",\"potentialAction\":[{\"@type\":\"SearchAction\",\"target\":{\"@type\":\"EntryPoint\",\"urlTemplate\":\"https:\\\/\\\/www.budokwai.fi\\\/karate\\\/?s={search_term_string}\"},\"query-input\":{\"@type\":\"PropertyValueSpecification\",\"valueRequired\":true,\"valueName\":\"search_term_string\"}}],\"inLanguage\":\"en-US\"}]}<\/script>\n<!-- \/ Yoast SEO plugin. -->","yoast_head_json":{"title":"Ippon kumite 1 - Budokwai Karate","robots":{"index":"index","follow":"follow","max-snippet":"max-snippet:-1","max-image-preview":"max-image-preview:large","max-video-preview":"max-video-preview:-1"},"canonical":"https:\/\/www.budokwai.fi\/karate\/ippon-kumite-1\/","og_locale":"fi_FI","og_type":"article","og_title":"Ippon kumite 1 - Budokwai Karate","og_description":"Ippon Kumite\u00a0Chudan uke 1 Sanallisesti H: Junzuki chudan P: Hy\u00f6kk\u00e4yslinjalta v\u00e4istet\u00e4\u00e4n lyhyell\u00e4 liu\u00f9tuksella takaviistoon ly\u00f6nnin vasemmalle puolelle rintamasuunnan pysyess\u00e4 kohti hy\u00f6kk\u00e4\u00e4j\u00e4\u00e4. Samalla torjutaan soto-uke oikealla k\u00e4dell\u00e4. V\u00e4litt\u00f6m\u00e4sti torjunnan j\u00e4lkeen tartutaan torjuneella, oikealla k\u00e4dell\u00e4 kiinni vastustajan oikean k\u00e4den ranteesta, horjutetaan vastustajaa vet\u00e4m\u00e4ll\u00e4 k\u00e4dest\u00e4 ja suoritetaan samanaikaisesti vastahy\u00f6kk\u00e4yksen\u00e4 maegeri chudan oikealla, etumaisella jalalla. Vastahy\u00f6kk\u00e4yst\u00e4 jatketaan edelleen vasemman... Lue lis\u00e4\u00e4 &raquo;","og_url":"https:\/\/www.budokwai.fi\/karate\/ippon-kumite-1\/","og_site_name":"Budokwai Karate","article_publisher":"https:\/\/www.facebook.com\/budokwaikarateturku\/","article_modified_time":"2017-04-09T19:16:37+00:00","og_image":[{"url":"http:\/\/www.budokwai.fi\/karate\/wp\/wp-content\/uploads\/2015\/10\/ippon.kumite.1.clip_.000-300x245.jpg","type":"","width":"","height":""}],"twitter_card":"summary_large_image","schema":{"@context":"https:\/\/schema.org","@graph":[{"@type":"WebPage","@id":"https:\/\/www.budokwai.fi\/karate\/ippon-kumite-1\/","url":"https:\/\/www.budokwai.fi\/karate\/ippon-kumite-1\/","name":"Ippon kumite 1 - Budokwai Karate","isPartOf":{"@id":"https:\/\/www.budokwai.fi\/karate\/#website"},"primaryImageOfPage":{"@id":"https:\/\/www.budokwai.fi\/karate\/ippon-kumite-1\/#primaryimage"},"image":{"@id":"https:\/\/www.budokwai.fi\/karate\/ippon-kumite-1\/#primaryimage"},"thumbnailUrl":"http:\/\/www.budokwai.fi\/karate\/wp\/wp-content\/uploads\/2015\/10\/ippon.kumite.1.clip_.000-300x245.jpg","datePublished":"2015-10-30T21:10:04+00:00","dateModified":"2017-04-09T19:16:37+00:00","breadcrumb":{"@id":"https:\/\/www.budokwai.fi\/karate\/ippon-kumite-1\/#breadcrumb"},"inLanguage":"en-US","potentialAction":[{"@type":"ReadAction","target":["https:\/\/www.budokwai.fi\/karate\/ippon-kumite-1\/"]}]},{"@type":"ImageObject","inLanguage":"en-US","@id":"https:\/\/www.budokwai.fi\/karate\/ippon-kumite-1\/#primaryimage","url":"https:\/\/www.budokwai.fi\/karate\/wp\/wp-content\/uploads\/2015\/10\/ippon.kumite.1.clip_.000.jpg","contentUrl":"https:\/\/www.budokwai.fi\/karate\/wp\/wp-content\/uploads\/2015\/10\/ippon.kumite.1.clip_.000.jpg","width":305,"height":249},{"@type":"BreadcrumbList","@id":"https:\/\/www.budokwai.fi\/karate\/ippon-kumite-1\/#breadcrumb","itemListElement":[{"@type":"ListItem","position":1,"name":"Home","item":"https:\/\/www.budokwai.fi\/karate\/"},{"@type":"ListItem","position":2,"name":"Ippon kumite 1"}]},{"@type":"WebSite","@id":"https:\/\/www.budokwai.fi\/karate\/#website","url":"https:\/\/www.budokwai.fi\/karate\/","name":"Budokwai Karate","description":"Budokwai karate","potentialAction":[{"@type":"SearchAction","target":{"@type":"EntryPoint","urlTemplate":"https:\/\/www.budokwai.fi\/karate\/?s={search_term_string}"},"query-input":{"@type":"PropertyValueSpecification","valueRequired":true,"valueName":"search_term_string"}}],"inLanguage":"en-US"}]}},"_links":{"self":[{"href":"https:\/\/www.budokwai.fi\/karate\/wp-json\/wp\/v2\/pages\/655","targetHints":{"allow":["GET"]}}],"collection":[{"href":"https:\/\/www.budokwai.fi\/karate\/wp-json\/wp\/v2\/pages"}],"about":[{"href":"https:\/\/www.budokwai.fi\/karate\/wp-json\/wp\/v2\/types\/page"}],"author":[{"embeddable":true,"href":"https:\/\/www.budokwai.fi\/karate\/wp-json\/wp\/v2\/users\/3"}],"replies":[{"embeddable":true,"href":"https:\/\/www.budokwai.fi\/karate\/wp-json\/wp\/v2\/comments?post=655"}],"version-history":[{"count":7,"href":"https:\/\/www.budokwai.fi\/karate\/wp-json\/wp\/v2\/pages\/655\/revisions"}],"predecessor-version":[{"id":1047,"href":"https:\/\/www.budokwai.fi\/karate\/wp-json\/wp\/v2\/pages\/655\/revisions\/1047"}],"wp:attachment":[{"href":"https:\/\/www.budokwai.fi\/karate\/wp-json\/wp\/v2\/media?parent=655"}],"curies":[{"name":"wp","href":"https:\/\/api.w.org\/{rel}","templated":true}]}}