{"id":3265,"date":"2017-12-04T21:23:10","date_gmt":"2017-12-04T19:23:10","guid":{"rendered":"http:\/\/www.budokwai.fi\/karate\/?page_id=3265"},"modified":"2025-11-30T19:55:49","modified_gmt":"2025-11-30T17:55:49","slug":"karatekids-5-6v-kurssi","status":"publish","type":"page","link":"https:\/\/www.budokwai.fi\/karate\/karatekids-5-6v-kurssi\/","title":{"rendered":"KarateKids 5-6v -kurssi"},"content":{"rendered":"\n<ul class=\"wp-block-list\">\n<li>KarateKids on tarkoitettu 5-6v lapsille.<\/li>\n\n\n\n<li>Harjoitukset pidet\u00e4\u00e4n:<br>perjantaisin klo 17.15-18.00 (45min)<\/li>\n\n\n\n<li>Aikuinen voi tulla mukaan harjoitukseen kerran kuukaudessa (1 krt\/kk)<\/li>\n\n\n\n<li>Kurssi alkaa kev\u00e4\u00e4ll\u00e4 2025: <strong>pe 16.1.2026 klo 17.15.<\/strong><\/li>\n\n\n\n<li>Kurssi on tarkoitettu sek\u00e4 pojille ett\u00e4 tyt\u00f6ille<\/li>\n\n\n\n<li>Kurssi kest\u00e4\u00e4 koko kev\u00e4\u00e4n 2026.<\/li>\n\n\n\n<li>Kurssin hinta on 70 \u20ac. Voit tutustua lajiin ensimm\u00e4isiss\u00e4 harjoituksissa ilman maksuja.<\/li>\n\n\n\n<li>Kurssin kouluttajina toimivat valtakunnallisen Olympiakomitean T\u00e4htiseura&nbsp; -ohjelman kouluttamat valmentajat.<\/li>\n\n\n\n<li>Olemme <a href=\"http:\/\/www.budokwai.fi\/karate\/tahtiseura\/\" target=\"_blank\" rel=\"noopener noreferrer\">Olympiakomitean T\u00e4htiseura.&nbsp;<\/a><\/li>\n\n\n\n<li>Harjoittelijoiden vanhemmilta ei pyydet\u00e4 eik\u00e4 edellytet\u00e4 mit\u00e4\u00e4n vapaaehtoistoimintaa seuran varainkeruuksi, kuten mokkapalojen leipomista, urheiluvarusteiden tai arpojen myynti\u00e4 jne.<\/li>\n\n\n\n<li>Harjoituspaikka on Budokwain harjoitussali Uhril\u00e4hteentie 2:ssa.<\/li>\n\n\n\n<li>Kurssille voit ilmoittautua <a href=\"http:\/\/www.budokwai.fi\/karate\/peruskurssille_ilmoittautuminen\/\"><span class=\"s1\">t\u00e4\u00e4ll\u00e4<\/span><\/a>.&nbsp;Ennakkoilmoittautuminen on pakollista vaikka tulisit vain kokeilemaan aluksi. Voit kokeilla harjoituksia kaksi kertaa ilmaiseksi.<\/li>\n\n\n\n<li>Harjoitusasu on verryttelyhousut ja t-paita. Ei kenki\u00e4.<\/li>\n\n\n\n<li>Lis\u00e4tietoja antaa Mika Rintam\u00e4ki 050-329 1855 (iltaisin).<\/li>\n<\/ul>\n\n\n","protected":false},"excerpt":{"rendered":"","protected":false},"author":3,"featured_media":0,"parent":0,"menu_order":0,"comment_status":"closed","ping_status":"closed","template":"","meta":{"_acf_changed":false,"_monsterinsights_skip_tracking":false,"_monsterinsights_sitenote_active":false,"_monsterinsights_sitenote_note":"","_monsterinsights_sitenote_category":0,"footnotes":""},"class_list":["post-3265","page","type-page","status-publish","hentry"],"acf":[],"yoast_head":"<!-- This site is optimized with the Yoast SEO plugin v27.4 - https:\/\/yoast.com\/product\/yoast-seo-wordpress\/ -->\n<title>KarateKids 5-6v -kurssi - Budokwai Karate<\/title>\n<meta name=\"robots\" content=\"index, follow, max-snippet:-1, max-image-preview:large, max-video-preview:-1\" \/>\n<link rel=\"canonical\" href=\"https:\/\/www.budokwai.fi\/karate\/karatekids-5-6v-kurssi\/\" \/>\n<meta property=\"og:locale\" content=\"fi_FI\" \/>\n<meta property=\"og:type\" content=\"article\" \/>\n<meta property=\"og:title\" content=\"KarateKids 5-6v -kurssi - Budokwai Karate\" \/>\n<meta property=\"og:url\" content=\"https:\/\/www.budokwai.fi\/karate\/karatekids-5-6v-kurssi\/\" \/>\n<meta property=\"og:site_name\" content=\"Budokwai Karate\" \/>\n<meta property=\"article:publisher\" content=\"https:\/\/www.facebook.com\/budokwaikarateturku\/\" \/>\n<meta property=\"article:modified_time\" content=\"2025-11-30T17:55:49+00:00\" \/>\n<meta property=\"og:image\" content=\"https:\/\/www.budokwai.fi\/karate\/wp\/wp-content\/uploads\/2017\/06\/Budokwai_karate2.png\" \/>\n\t<meta property=\"og:image:width\" content=\"395\" \/>\n\t<meta property=\"og:image:height\" content=\"390\" \/>\n\t<meta property=\"og:image:type\" content=\"image\/png\" \/>\n<meta name=\"twitter:card\" content=\"summary_large_image\" \/>\n<meta name=\"twitter:label1\" content=\"Est. reading time\" \/>\n\t<meta name=\"twitter:data1\" content=\"1 minute\" \/>\n<script type=\"application\/ld+json\" class=\"yoast-schema-graph\">{\"@context\":\"https:\\\/\\\/schema.org\",\"@graph\":[{\"@type\":\"WebPage\",\"@id\":\"https:\\\/\\\/www.budokwai.fi\\\/karate\\\/karatekids-5-6v-kurssi\\\/\",\"url\":\"https:\\\/\\\/www.budokwai.fi\\\/karate\\\/karatekids-5-6v-kurssi\\\/\",\"name\":\"KarateKids 5-6v -kurssi - Budokwai Karate\",\"isPartOf\":{\"@id\":\"https:\\\/\\\/www.budokwai.fi\\\/karate\\\/#website\"},\"datePublished\":\"2017-12-04T19:23:10+00:00\",\"dateModified\":\"2025-11-30T17:55:49+00:00\",\"breadcrumb\":{\"@id\":\"https:\\\/\\\/www.budokwai.fi\\\/karate\\\/karatekids-5-6v-kurssi\\\/#breadcrumb\"},\"inLanguage\":\"en-US\",\"potentialAction\":[{\"@type\":\"ReadAction\",\"target\":[\"https:\\\/\\\/www.budokwai.fi\\\/karate\\\/karatekids-5-6v-kurssi\\\/\"]}]},{\"@type\":\"BreadcrumbList\",\"@id\":\"https:\\\/\\\/www.budokwai.fi\\\/karate\\\/karatekids-5-6v-kurssi\\\/#breadcrumb\",\"itemListElement\":[{\"@type\":\"ListItem\",\"position\":1,\"name\":\"Home\",\"item\":\"https:\\\/\\\/www.budokwai.fi\\\/karate\\\/\"},{\"@type\":\"ListItem\",\"position\":2,\"name\":\"KarateKids 5-6v -kurssi\"}]},{\"@type\":\"WebSite\",\"@id\":\"https:\\\/\\\/www.budokwai.fi\\\/karate\\\/#website\",\"url\":\"https:\\\/\\\/www.budokwai.fi\\\/karate\\\/\",\"name\":\"Budokwai Karate\",\"description\":\"Budokwai karate\",\"potentialAction\":[{\"@type\":\"SearchAction\",\"target\":{\"@type\":\"EntryPoint\",\"urlTemplate\":\"https:\\\/\\\/www.budokwai.fi\\\/karate\\\/?s={search_term_string}\"},\"query-input\":{\"@type\":\"PropertyValueSpecification\",\"valueRequired\":true,\"valueName\":\"search_term_string\"}}],\"inLanguage\":\"en-US\"}]}<\/script>\n<!-- \/ Yoast SEO plugin. -->","yoast_head_json":{"title":"KarateKids 5-6v -kurssi - Budokwai Karate","robots":{"index":"index","follow":"follow","max-snippet":"max-snippet:-1","max-image-preview":"max-image-preview:large","max-video-preview":"max-video-preview:-1"},"canonical":"https:\/\/www.budokwai.fi\/karate\/karatekids-5-6v-kurssi\/","og_locale":"fi_FI","og_type":"article","og_title":"KarateKids 5-6v -kurssi - Budokwai Karate","og_url":"https:\/\/www.budokwai.fi\/karate\/karatekids-5-6v-kurssi\/","og_site_name":"Budokwai Karate","article_publisher":"https:\/\/www.facebook.com\/budokwaikarateturku\/","article_modified_time":"2025-11-30T17:55:49+00:00","og_image":[{"width":395,"height":390,"url":"https:\/\/www.budokwai.fi\/karate\/wp\/wp-content\/uploads\/2017\/06\/Budokwai_karate2.png","type":"image\/png"}],"twitter_card":"summary_large_image","twitter_misc":{"Est. reading time":"1 minute"},"schema":{"@context":"https:\/\/schema.org","@graph":[{"@type":"WebPage","@id":"https:\/\/www.budokwai.fi\/karate\/karatekids-5-6v-kurssi\/","url":"https:\/\/www.budokwai.fi\/karate\/karatekids-5-6v-kurssi\/","name":"KarateKids 5-6v -kurssi - Budokwai Karate","isPartOf":{"@id":"https:\/\/www.budokwai.fi\/karate\/#website"},"datePublished":"2017-12-04T19:23:10+00:00","dateModified":"2025-11-30T17:55:49+00:00","breadcrumb":{"@id":"https:\/\/www.budokwai.fi\/karate\/karatekids-5-6v-kurssi\/#breadcrumb"},"inLanguage":"en-US","potentialAction":[{"@type":"ReadAction","target":["https:\/\/www.budokwai.fi\/karate\/karatekids-5-6v-kurssi\/"]}]},{"@type":"BreadcrumbList","@id":"https:\/\/www.budokwai.fi\/karate\/karatekids-5-6v-kurssi\/#breadcrumb","itemListElement":[{"@type":"ListItem","position":1,"name":"Home","item":"https:\/\/www.budokwai.fi\/karate\/"},{"@type":"ListItem","position":2,"name":"KarateKids 5-6v -kurssi"}]},{"@type":"WebSite","@id":"https:\/\/www.budokwai.fi\/karate\/#website","url":"https:\/\/www.budokwai.fi\/karate\/","name":"Budokwai Karate","description":"Budokwai karate","potentialAction":[{"@type":"SearchAction","target":{"@type":"EntryPoint","urlTemplate":"https:\/\/www.budokwai.fi\/karate\/?s={search_term_string}"},"query-input":{"@type":"PropertyValueSpecification","valueRequired":true,"valueName":"search_term_string"}}],"inLanguage":"en-US"}]}},"_links":{"self":[{"href":"https:\/\/www.budokwai.fi\/karate\/wp-json\/wp\/v2\/pages\/3265","targetHints":{"allow":["GET"]}}],"collection":[{"href":"https:\/\/www.budokwai.fi\/karate\/wp-json\/wp\/v2\/pages"}],"about":[{"href":"https:\/\/www.budokwai.fi\/karate\/wp-json\/wp\/v2\/types\/page"}],"author":[{"embeddable":true,"href":"https:\/\/www.budokwai.fi\/karate\/wp-json\/wp\/v2\/users\/3"}],"replies":[{"embeddable":true,"href":"https:\/\/www.budokwai.fi\/karate\/wp-json\/wp\/v2\/comments?post=3265"}],"version-history":[{"count":34,"href":"https:\/\/www.budokwai.fi\/karate\/wp-json\/wp\/v2\/pages\/3265\/revisions"}],"predecessor-version":[{"id":4562,"href":"https:\/\/www.budokwai.fi\/karate\/wp-json\/wp\/v2\/pages\/3265\/revisions\/4562"}],"wp:attachment":[{"href":"https:\/\/www.budokwai.fi\/karate\/wp-json\/wp\/v2\/media?parent=3265"}],"curies":[{"name":"wp","href":"https:\/\/api.w.org\/{rel}","templated":true}]}}