{"id":2787,"date":"2017-06-18T21:09:04","date_gmt":"2017-06-18T18:09:04","guid":{"rendered":"http:\/\/www.budokwai.fi\/karate\/?page_id=2787"},"modified":"2023-11-27T20:12:35","modified_gmt":"2023-11-27T18:12:35","slug":"juniorit-toimintalinja","status":"publish","type":"page","link":"https:\/\/www.budokwai.fi\/karate\/juniorit-toimintalinja\/","title":{"rendered":"Junioritoiminnan toimintalinja"},"content":{"rendered":"\n<figure class=\"wp-block-table\"><table><tbody><tr><td><a href=\"http:\/\/www.budokwai.fi\/karate\/wp\/wp-content\/uploads\/2017\/06\/Budokwai_karate2.png\"><img loading=\"lazy\" decoding=\"async\" class=\"alignleft size-medium wp-image-2791\" src=\"http:\/\/www.budokwai.fi\/karate\/wp\/wp-content\/uploads\/2017\/06\/Budokwai_karate2-300x296.png\" alt=\"\" width=\"300\" height=\"296\" srcset=\"https:\/\/www.budokwai.fi\/karate\/wp\/wp-content\/uploads\/2017\/06\/Budokwai_karate2-300x296.png 300w, https:\/\/www.budokwai.fi\/karate\/wp\/wp-content\/uploads\/2017\/06\/Budokwai_karate2.png 395w\" sizes=\"auto, (max-width: 300px) 100vw, 300px\" \/><\/a><\/td><td><a href=\"http:\/\/www.budokwai.fi\/karate\/wp\/wp-content\/uploads\/2017\/06\/Budokwai_ry.png\"><img loading=\"lazy\" decoding=\"async\" class=\"alignleft size-full wp-image-2788\" src=\"http:\/\/www.budokwai.fi\/karate\/wp\/wp-content\/uploads\/2017\/06\/Budokwai_ry.png\" alt=\"\" width=\"280\" height=\"286\"><\/a><\/td><\/tr><\/tbody><\/table><\/figure>\n\n\n\n<h1 class=\"wp-block-heading\">Budokwai ry Karate<br> Junioritoiminnan kriteerit ja toimintalinja<br> 2023 \u2013 2026<\/h1>\n\n\n\n<p>Toimintalinjan sis\u00e4llysluettelo on seuraava:<\/p>\n\n\n\n<p>Sis\u00e4llysluettelo<br>\n1. Seuratoiminnan visio<br>\n2. Seuran nuorisotoiminta<br>\n3. Eettiset linjaukset<br>\n3.1 Seura pit\u00e4\u00e4 huolta jokaisesta mukana olevasta lapsesta ja nuoresta<br>\n3.2 Seuran arvot<br>\n4.1 Seuran toiminta on kasvatuksellista<br>\n4.2 Seuran toiminta on monipuolista<br>\n4.3 Toiminnan l\u00e4ht\u00f6kohtana on lapsen paras<br>\n4.4 Karatekan polku on liikkujan polku<br>\n5. Pelis\u00e4\u00e4nn\u00f6t<br>\n6. K\u00e4yt\u00e4nn\u00f6n toimintatavat4<br>\n6.1 Yleiset toimintaperiaatteet<br>\n6.2 Seurassa ohjaajat ovat k\u00e4yneet lasten ja nuorten ohjaamiseen tarkoitetun koulutuksen<br>\n6.3 Seurassa huolehditaan ohjaajien t\u00e4ydennys- ja jatkokoulutuksesta<br>\n6.4 Seurassa kiitet\u00e4\u00e4n kaikkia seuraty\u00f6ntekij\u00f6it\u00e4 heid\u00e4n tekem\u00e4st\u00e4\u00e4n arvokkaasta ty\u00f6st\u00e4<br>\n6.5 Seuran toiminta on organisoitua<br>\n7. Seuran toiminnan kehitt\u00e4minen ja palaute<br>\n8. Seuran organisaatio ja vastuujaot<br>\n8.1 Seuran johto<br>\n8.2 Seurassa on nuorisotoiminnan organisoinnista vastaava henkil\u00f6<br>\n9. Seuran tarjoamat toimintamuodot ja palvelut<\/p>\n\n\n\n<p>Toimintalinja l\u00f6ytyy PDF muodossa t\u00e4st\u00e4 linkist\u00e4:<br><\/p>\n\n\n\n<div data-wp-interactive=\"core\/file\" class=\"wp-block-file\"><object data-wp-bind--hidden=\"!state.hasPdfPreview\" hidden class=\"wp-block-file__embed\" data=\"https:\/\/www.budokwai.fi\/karate\/wp\/wp-content\/uploads\/2023\/11\/Budokwai-juniorotoiminan-kriteerit-ja-toimintalinja-2023-2026.pdf\" type=\"application\/pdf\" style=\"width:100%;height:600px\" aria-label=\"Embed of Budokwai-juniorotoiminan-kriteerit-ja-toimintalinja-2023-2026.\"><\/object><a id=\"wp-block-file--media-70503278-8058-4cb5-a5b7-796334e41788\" href=\"https:\/\/www.budokwai.fi\/karate\/wp\/wp-content\/uploads\/2023\/11\/Budokwai-juniorotoiminan-kriteerit-ja-toimintalinja-2023-2026.pdf\">Budokwai-juniorotoiminan-kriteerit-ja-toimintalinja-2023-2026<\/a><a href=\"https:\/\/www.budokwai.fi\/karate\/wp\/wp-content\/uploads\/2023\/11\/Budokwai-juniorotoiminan-kriteerit-ja-toimintalinja-2023-2026.pdf\" class=\"wp-block-file__button wp-element-button\" download aria-describedby=\"wp-block-file--media-70503278-8058-4cb5-a5b7-796334e41788\">Download<\/a><\/div>\n","protected":false},"excerpt":{"rendered":"<p>Budokwai ry Karate Junioritoiminnan kriteerit ja toimintalinja 2023 \u2013 2026 Toimintalinjan sis\u00e4llysluettelo on seuraava: Sis\u00e4llysluettelo 1. Seuratoiminnan visio 2. Seuran nuorisotoiminta 3. Eettiset linjaukset 3.1 Seura pit\u00e4\u00e4 huolta jokaisesta mukana olevasta lapsesta ja nuoresta 3.2 Seuran arvot 4.1 Seuran toiminta on kasvatuksellista 4.2 Seuran toiminta on monipuolista 4.3 Toiminnan l\u00e4ht\u00f6kohtana on lapsen paras 4.4 Karatekan&#8230;  <a class=\"excerpt-read-more\" href=\"https:\/\/www.budokwai.fi\/karate\/juniorit-toimintalinja\/\" title=\"Junioritoiminnan toimintalinja\">Lue lis\u00e4\u00e4 &raquo;<\/a><\/p>\n","protected":false},"author":3,"featured_media":0,"parent":0,"menu_order":0,"comment_status":"closed","ping_status":"closed","template":"","meta":{"_acf_changed":false,"_monsterinsights_skip_tracking":false,"_monsterinsights_sitenote_active":false,"_monsterinsights_sitenote_note":"","_monsterinsights_sitenote_category":0,"footnotes":""},"class_list":["post-2787","page","type-page","status-publish","hentry"],"acf":[],"yoast_head":"<!-- This site is optimized with the Yoast SEO plugin v27.5 - https:\/\/yoast.com\/product\/yoast-seo-wordpress\/ -->\n<title>Junioritoiminnan toimintalinja - Budokwai Karate<\/title>\n<meta name=\"robots\" content=\"index, follow, max-snippet:-1, max-image-preview:large, max-video-preview:-1\" \/>\n<link rel=\"canonical\" href=\"https:\/\/www.budokwai.fi\/karate\/juniorit-toimintalinja\/\" \/>\n<meta property=\"og:locale\" content=\"fi_FI\" \/>\n<meta property=\"og:type\" content=\"article\" \/>\n<meta property=\"og:title\" content=\"Junioritoiminnan toimintalinja - Budokwai Karate\" \/>\n<meta property=\"og:description\" content=\"Budokwai ry Karate Junioritoiminnan kriteerit ja toimintalinja 2023 \u2013 2026 Toimintalinjan sis\u00e4llysluettelo on seuraava: Sis\u00e4llysluettelo 1. Seuratoiminnan visio 2. Seuran nuorisotoiminta 3. Eettiset linjaukset 3.1 Seura pit\u00e4\u00e4 huolta jokaisesta mukana olevasta lapsesta ja nuoresta 3.2 Seuran arvot 4.1 Seuran toiminta on kasvatuksellista 4.2 Seuran toiminta on monipuolista 4.3 Toiminnan l\u00e4ht\u00f6kohtana on lapsen paras 4.4 Karatekan... Lue lis\u00e4\u00e4 &raquo;\" \/>\n<meta property=\"og:url\" content=\"https:\/\/www.budokwai.fi\/karate\/juniorit-toimintalinja\/\" \/>\n<meta property=\"og:site_name\" content=\"Budokwai Karate\" \/>\n<meta property=\"article:publisher\" content=\"https:\/\/www.facebook.com\/budokwaikarateturku\/\" \/>\n<meta property=\"article:modified_time\" content=\"2023-11-27T18:12:35+00:00\" \/>\n<meta property=\"og:image\" content=\"http:\/\/www.budokwai.fi\/karate\/wp\/wp-content\/uploads\/2017\/06\/Budokwai_karate2-300x296.png\" \/>\n<meta name=\"twitter:card\" content=\"summary_large_image\" \/>\n<meta name=\"twitter:label1\" content=\"Est. reading time\" \/>\n\t<meta name=\"twitter:data1\" content=\"1 minute\" \/>\n<script type=\"application\/ld+json\" class=\"yoast-schema-graph\">{\"@context\":\"https:\\\/\\\/schema.org\",\"@graph\":[{\"@type\":\"WebPage\",\"@id\":\"https:\\\/\\\/www.budokwai.fi\\\/karate\\\/juniorit-toimintalinja\\\/\",\"url\":\"https:\\\/\\\/www.budokwai.fi\\\/karate\\\/juniorit-toimintalinja\\\/\",\"name\":\"Junioritoiminnan toimintalinja - Budokwai Karate\",\"isPartOf\":{\"@id\":\"https:\\\/\\\/www.budokwai.fi\\\/karate\\\/#website\"},\"primaryImageOfPage\":{\"@id\":\"https:\\\/\\\/www.budokwai.fi\\\/karate\\\/juniorit-toimintalinja\\\/#primaryimage\"},\"image\":{\"@id\":\"https:\\\/\\\/www.budokwai.fi\\\/karate\\\/juniorit-toimintalinja\\\/#primaryimage\"},\"thumbnailUrl\":\"http:\\\/\\\/www.budokwai.fi\\\/karate\\\/wp\\\/wp-content\\\/uploads\\\/2017\\\/06\\\/Budokwai_karate2-300x296.png\",\"datePublished\":\"2017-06-18T18:09:04+00:00\",\"dateModified\":\"2023-11-27T18:12:35+00:00\",\"breadcrumb\":{\"@id\":\"https:\\\/\\\/www.budokwai.fi\\\/karate\\\/juniorit-toimintalinja\\\/#breadcrumb\"},\"inLanguage\":\"en-US\",\"potentialAction\":[{\"@type\":\"ReadAction\",\"target\":[\"https:\\\/\\\/www.budokwai.fi\\\/karate\\\/juniorit-toimintalinja\\\/\"]}]},{\"@type\":\"ImageObject\",\"inLanguage\":\"en-US\",\"@id\":\"https:\\\/\\\/www.budokwai.fi\\\/karate\\\/juniorit-toimintalinja\\\/#primaryimage\",\"url\":\"https:\\\/\\\/www.budokwai.fi\\\/karate\\\/wp\\\/wp-content\\\/uploads\\\/2017\\\/06\\\/Budokwai_karate2.png\",\"contentUrl\":\"https:\\\/\\\/www.budokwai.fi\\\/karate\\\/wp\\\/wp-content\\\/uploads\\\/2017\\\/06\\\/Budokwai_karate2.png\",\"width\":395,\"height\":390},{\"@type\":\"BreadcrumbList\",\"@id\":\"https:\\\/\\\/www.budokwai.fi\\\/karate\\\/juniorit-toimintalinja\\\/#breadcrumb\",\"itemListElement\":[{\"@type\":\"ListItem\",\"position\":1,\"name\":\"Home\",\"item\":\"https:\\\/\\\/www.budokwai.fi\\\/karate\\\/\"},{\"@type\":\"ListItem\",\"position\":2,\"name\":\"Junioritoiminnan toimintalinja\"}]},{\"@type\":\"WebSite\",\"@id\":\"https:\\\/\\\/www.budokwai.fi\\\/karate\\\/#website\",\"url\":\"https:\\\/\\\/www.budokwai.fi\\\/karate\\\/\",\"name\":\"Budokwai Karate\",\"description\":\"Budokwai karate\",\"potentialAction\":[{\"@type\":\"SearchAction\",\"target\":{\"@type\":\"EntryPoint\",\"urlTemplate\":\"https:\\\/\\\/www.budokwai.fi\\\/karate\\\/?s={search_term_string}\"},\"query-input\":{\"@type\":\"PropertyValueSpecification\",\"valueRequired\":true,\"valueName\":\"search_term_string\"}}],\"inLanguage\":\"en-US\"}]}<\/script>\n<!-- \/ Yoast SEO plugin. -->","yoast_head_json":{"title":"Junioritoiminnan toimintalinja - Budokwai Karate","robots":{"index":"index","follow":"follow","max-snippet":"max-snippet:-1","max-image-preview":"max-image-preview:large","max-video-preview":"max-video-preview:-1"},"canonical":"https:\/\/www.budokwai.fi\/karate\/juniorit-toimintalinja\/","og_locale":"fi_FI","og_type":"article","og_title":"Junioritoiminnan toimintalinja - Budokwai Karate","og_description":"Budokwai ry Karate Junioritoiminnan kriteerit ja toimintalinja 2023 \u2013 2026 Toimintalinjan sis\u00e4llysluettelo on seuraava: Sis\u00e4llysluettelo 1. Seuratoiminnan visio 2. Seuran nuorisotoiminta 3. Eettiset linjaukset 3.1 Seura pit\u00e4\u00e4 huolta jokaisesta mukana olevasta lapsesta ja nuoresta 3.2 Seuran arvot 4.1 Seuran toiminta on kasvatuksellista 4.2 Seuran toiminta on monipuolista 4.3 Toiminnan l\u00e4ht\u00f6kohtana on lapsen paras 4.4 Karatekan... Lue lis\u00e4\u00e4 &raquo;","og_url":"https:\/\/www.budokwai.fi\/karate\/juniorit-toimintalinja\/","og_site_name":"Budokwai Karate","article_publisher":"https:\/\/www.facebook.com\/budokwaikarateturku\/","article_modified_time":"2023-11-27T18:12:35+00:00","og_image":[{"url":"http:\/\/www.budokwai.fi\/karate\/wp\/wp-content\/uploads\/2017\/06\/Budokwai_karate2-300x296.png","type":"","width":"","height":""}],"twitter_card":"summary_large_image","twitter_misc":{"Est. reading time":"1 minute"},"schema":{"@context":"https:\/\/schema.org","@graph":[{"@type":"WebPage","@id":"https:\/\/www.budokwai.fi\/karate\/juniorit-toimintalinja\/","url":"https:\/\/www.budokwai.fi\/karate\/juniorit-toimintalinja\/","name":"Junioritoiminnan toimintalinja - Budokwai Karate","isPartOf":{"@id":"https:\/\/www.budokwai.fi\/karate\/#website"},"primaryImageOfPage":{"@id":"https:\/\/www.budokwai.fi\/karate\/juniorit-toimintalinja\/#primaryimage"},"image":{"@id":"https:\/\/www.budokwai.fi\/karate\/juniorit-toimintalinja\/#primaryimage"},"thumbnailUrl":"http:\/\/www.budokwai.fi\/karate\/wp\/wp-content\/uploads\/2017\/06\/Budokwai_karate2-300x296.png","datePublished":"2017-06-18T18:09:04+00:00","dateModified":"2023-11-27T18:12:35+00:00","breadcrumb":{"@id":"https:\/\/www.budokwai.fi\/karate\/juniorit-toimintalinja\/#breadcrumb"},"inLanguage":"en-US","potentialAction":[{"@type":"ReadAction","target":["https:\/\/www.budokwai.fi\/karate\/juniorit-toimintalinja\/"]}]},{"@type":"ImageObject","inLanguage":"en-US","@id":"https:\/\/www.budokwai.fi\/karate\/juniorit-toimintalinja\/#primaryimage","url":"https:\/\/www.budokwai.fi\/karate\/wp\/wp-content\/uploads\/2017\/06\/Budokwai_karate2.png","contentUrl":"https:\/\/www.budokwai.fi\/karate\/wp\/wp-content\/uploads\/2017\/06\/Budokwai_karate2.png","width":395,"height":390},{"@type":"BreadcrumbList","@id":"https:\/\/www.budokwai.fi\/karate\/juniorit-toimintalinja\/#breadcrumb","itemListElement":[{"@type":"ListItem","position":1,"name":"Home","item":"https:\/\/www.budokwai.fi\/karate\/"},{"@type":"ListItem","position":2,"name":"Junioritoiminnan toimintalinja"}]},{"@type":"WebSite","@id":"https:\/\/www.budokwai.fi\/karate\/#website","url":"https:\/\/www.budokwai.fi\/karate\/","name":"Budokwai Karate","description":"Budokwai karate","potentialAction":[{"@type":"SearchAction","target":{"@type":"EntryPoint","urlTemplate":"https:\/\/www.budokwai.fi\/karate\/?s={search_term_string}"},"query-input":{"@type":"PropertyValueSpecification","valueRequired":true,"valueName":"search_term_string"}}],"inLanguage":"en-US"}]}},"_links":{"self":[{"href":"https:\/\/www.budokwai.fi\/karate\/wp-json\/wp\/v2\/pages\/2787","targetHints":{"allow":["GET"]}}],"collection":[{"href":"https:\/\/www.budokwai.fi\/karate\/wp-json\/wp\/v2\/pages"}],"about":[{"href":"https:\/\/www.budokwai.fi\/karate\/wp-json\/wp\/v2\/types\/page"}],"author":[{"embeddable":true,"href":"https:\/\/www.budokwai.fi\/karate\/wp-json\/wp\/v2\/users\/3"}],"replies":[{"embeddable":true,"href":"https:\/\/www.budokwai.fi\/karate\/wp-json\/wp\/v2\/comments?post=2787"}],"version-history":[{"count":10,"href":"https:\/\/www.budokwai.fi\/karate\/wp-json\/wp\/v2\/pages\/2787\/revisions"}],"predecessor-version":[{"id":4428,"href":"https:\/\/www.budokwai.fi\/karate\/wp-json\/wp\/v2\/pages\/2787\/revisions\/4428"}],"wp:attachment":[{"href":"https:\/\/www.budokwai.fi\/karate\/wp-json\/wp\/v2\/media?parent=2787"}],"curies":[{"name":"wp","href":"https:\/\/api.w.org\/{rel}","templated":true}]}}