{"id":174,"date":"2015-10-14T23:44:34","date_gmt":"2015-10-14T20:44:34","guid":{"rendered":"http:\/\/www.budokwai.fi\/karate\/wp\/?page_id=174"},"modified":"2015-10-14T23:44:34","modified_gmt":"2015-10-14T20:44:34","slug":"kiai","status":"publish","type":"page","link":"https:\/\/www.budokwai.fi\/karate\/kiai\/","title":{"rendered":"Kiai"},"content":{"rendered":"<p>Usein kun karatesta pilaillaan on mukana ep\u00e4\u00e4m\u00e4r\u00e4ist\u00e4 huutoa. T\u00e4m\u00e4n huudon tarkoitus on olla kiai.<br \/>\nKiai on oleellinen osa vahvaa karatetekniikkaa. Kiai on oltava mukana kata suorituksessa, muuten kata ei ole todellinen. Samaten karatekilpailussa teht\u00e4ess\u00e4 pistetekniikkaa on mukana suorituksessa oltava kiai.<\/p>\n<p>Pelkistetysti voidaan ajatella ett\u00e4 kiai syntyy luonnostaan teht\u00e4ess\u00e4 r\u00e4j\u00e4ht\u00e4v\u00e4\u00e4 suoritusta kuten esimerkiksi keih\u00e4\u00e4nheitossa. Karatessa kiain tarkoitus on suoritushetkell\u00e4 tyhjent\u00e4\u00e4 keuhkot kaikesta hapesta j\u00e4nnitt\u00e4en samalla vartalon kaikki lihakset. Suoritus hetkell\u00e4 ollaan t\u00e4ysin valmiita vastaanottamaan mahdollinen vastaisku. N\u00e4in suoritetulla tekniikalla saadaan aikaan kime. Ehk\u00e4 se vastustajakin s\u00e4ik\u00e4ht\u00e4\u00e4 hieman &#8230;.<\/p>\n<p>K: Mist\u00e4 erottaa mustan vy\u00f6n karatekan alempi v\u00f6isest\u00e4 karatekasta ?<br \/>\nV: Mustan vy\u00f6n karateka huutaa murskatessa lautaa, alempi v\u00f6inen huutaa murskauksen j\u00e4lkeen!<\/p>\n<p>&nbsp;<\/p>\n","protected":false},"excerpt":{"rendered":"<p>Usein kun karatesta pilaillaan on mukana ep\u00e4\u00e4m\u00e4r\u00e4ist\u00e4 huutoa. T\u00e4m\u00e4n huudon tarkoitus on olla kiai. Kiai on oleellinen osa vahvaa karatetekniikkaa. Kiai on oltava mukana kata suorituksessa, muuten kata ei ole todellinen. Samaten karatekilpailussa teht\u00e4ess\u00e4 pistetekniikkaa on mukana suorituksessa oltava kiai. Pelkistetysti voidaan ajatella ett\u00e4 kiai syntyy luonnostaan teht\u00e4ess\u00e4 r\u00e4j\u00e4ht\u00e4v\u00e4\u00e4 suoritusta kuten esimerkiksi keih\u00e4\u00e4nheitossa. Karatessa kiain&#8230;  <a class=\"excerpt-read-more\" href=\"https:\/\/www.budokwai.fi\/karate\/kiai\/\" title=\"Kiai\">Lue lis\u00e4\u00e4 &raquo;<\/a><\/p>\n","protected":false},"author":3,"featured_media":0,"parent":0,"menu_order":0,"comment_status":"closed","ping_status":"closed","template":"","meta":{"_acf_changed":false,"_monsterinsights_skip_tracking":false,"_monsterinsights_sitenote_active":false,"_monsterinsights_sitenote_note":"","_monsterinsights_sitenote_category":0,"footnotes":""},"class_list":["post-174","page","type-page","status-publish","hentry"],"acf":[],"yoast_head":"<!-- This site is optimized with the Yoast SEO plugin v27.4 - https:\/\/yoast.com\/product\/yoast-seo-wordpress\/ -->\n<title>Kiai - Budokwai Karate<\/title>\n<meta name=\"robots\" content=\"index, follow, max-snippet:-1, max-image-preview:large, max-video-preview:-1\" \/>\n<link rel=\"canonical\" href=\"https:\/\/www.budokwai.fi\/karate\/kiai\/\" \/>\n<meta property=\"og:locale\" content=\"fi_FI\" \/>\n<meta property=\"og:type\" content=\"article\" \/>\n<meta property=\"og:title\" content=\"Kiai - Budokwai Karate\" \/>\n<meta property=\"og:description\" content=\"Usein kun karatesta pilaillaan on mukana ep\u00e4\u00e4m\u00e4r\u00e4ist\u00e4 huutoa. T\u00e4m\u00e4n huudon tarkoitus on olla kiai. Kiai on oleellinen osa vahvaa karatetekniikkaa. Kiai on oltava mukana kata suorituksessa, muuten kata ei ole todellinen. Samaten karatekilpailussa teht\u00e4ess\u00e4 pistetekniikkaa on mukana suorituksessa oltava kiai. Pelkistetysti voidaan ajatella ett\u00e4 kiai syntyy luonnostaan teht\u00e4ess\u00e4 r\u00e4j\u00e4ht\u00e4v\u00e4\u00e4 suoritusta kuten esimerkiksi keih\u00e4\u00e4nheitossa. Karatessa kiain... Lue lis\u00e4\u00e4 &raquo;\" \/>\n<meta property=\"og:url\" content=\"https:\/\/www.budokwai.fi\/karate\/kiai\/\" \/>\n<meta property=\"og:site_name\" content=\"Budokwai Karate\" \/>\n<meta property=\"article:publisher\" content=\"https:\/\/www.facebook.com\/budokwaikarateturku\/\" \/>\n<meta property=\"og:image\" content=\"https:\/\/www.budokwai.fi\/karate\/wp\/wp-content\/uploads\/2017\/06\/Budokwai_karate2.png\" \/>\n\t<meta property=\"og:image:width\" content=\"395\" \/>\n\t<meta property=\"og:image:height\" content=\"390\" \/>\n\t<meta property=\"og:image:type\" content=\"image\/png\" \/>\n<meta name=\"twitter:card\" content=\"summary_large_image\" \/>\n<meta name=\"twitter:label1\" content=\"Est. reading time\" \/>\n\t<meta name=\"twitter:data1\" content=\"1 minute\" \/>\n<script type=\"application\/ld+json\" class=\"yoast-schema-graph\">{\"@context\":\"https:\\\/\\\/schema.org\",\"@graph\":[{\"@type\":\"WebPage\",\"@id\":\"https:\\\/\\\/www.budokwai.fi\\\/karate\\\/kiai\\\/\",\"url\":\"https:\\\/\\\/www.budokwai.fi\\\/karate\\\/kiai\\\/\",\"name\":\"Kiai - Budokwai Karate\",\"isPartOf\":{\"@id\":\"https:\\\/\\\/www.budokwai.fi\\\/karate\\\/#website\"},\"datePublished\":\"2015-10-14T20:44:34+00:00\",\"breadcrumb\":{\"@id\":\"https:\\\/\\\/www.budokwai.fi\\\/karate\\\/kiai\\\/#breadcrumb\"},\"inLanguage\":\"en-US\",\"potentialAction\":[{\"@type\":\"ReadAction\",\"target\":[\"https:\\\/\\\/www.budokwai.fi\\\/karate\\\/kiai\\\/\"]}]},{\"@type\":\"BreadcrumbList\",\"@id\":\"https:\\\/\\\/www.budokwai.fi\\\/karate\\\/kiai\\\/#breadcrumb\",\"itemListElement\":[{\"@type\":\"ListItem\",\"position\":1,\"name\":\"Home\",\"item\":\"https:\\\/\\\/www.budokwai.fi\\\/karate\\\/\"},{\"@type\":\"ListItem\",\"position\":2,\"name\":\"Kiai\"}]},{\"@type\":\"WebSite\",\"@id\":\"https:\\\/\\\/www.budokwai.fi\\\/karate\\\/#website\",\"url\":\"https:\\\/\\\/www.budokwai.fi\\\/karate\\\/\",\"name\":\"Budokwai Karate\",\"description\":\"Budokwai karate\",\"potentialAction\":[{\"@type\":\"SearchAction\",\"target\":{\"@type\":\"EntryPoint\",\"urlTemplate\":\"https:\\\/\\\/www.budokwai.fi\\\/karate\\\/?s={search_term_string}\"},\"query-input\":{\"@type\":\"PropertyValueSpecification\",\"valueRequired\":true,\"valueName\":\"search_term_string\"}}],\"inLanguage\":\"en-US\"}]}<\/script>\n<!-- \/ Yoast SEO plugin. -->","yoast_head_json":{"title":"Kiai - Budokwai Karate","robots":{"index":"index","follow":"follow","max-snippet":"max-snippet:-1","max-image-preview":"max-image-preview:large","max-video-preview":"max-video-preview:-1"},"canonical":"https:\/\/www.budokwai.fi\/karate\/kiai\/","og_locale":"fi_FI","og_type":"article","og_title":"Kiai - Budokwai Karate","og_description":"Usein kun karatesta pilaillaan on mukana ep\u00e4\u00e4m\u00e4r\u00e4ist\u00e4 huutoa. T\u00e4m\u00e4n huudon tarkoitus on olla kiai. Kiai on oleellinen osa vahvaa karatetekniikkaa. Kiai on oltava mukana kata suorituksessa, muuten kata ei ole todellinen. Samaten karatekilpailussa teht\u00e4ess\u00e4 pistetekniikkaa on mukana suorituksessa oltava kiai. Pelkistetysti voidaan ajatella ett\u00e4 kiai syntyy luonnostaan teht\u00e4ess\u00e4 r\u00e4j\u00e4ht\u00e4v\u00e4\u00e4 suoritusta kuten esimerkiksi keih\u00e4\u00e4nheitossa. Karatessa kiain... Lue lis\u00e4\u00e4 &raquo;","og_url":"https:\/\/www.budokwai.fi\/karate\/kiai\/","og_site_name":"Budokwai Karate","article_publisher":"https:\/\/www.facebook.com\/budokwaikarateturku\/","og_image":[{"width":395,"height":390,"url":"https:\/\/www.budokwai.fi\/karate\/wp\/wp-content\/uploads\/2017\/06\/Budokwai_karate2.png","type":"image\/png"}],"twitter_card":"summary_large_image","twitter_misc":{"Est. reading time":"1 minute"},"schema":{"@context":"https:\/\/schema.org","@graph":[{"@type":"WebPage","@id":"https:\/\/www.budokwai.fi\/karate\/kiai\/","url":"https:\/\/www.budokwai.fi\/karate\/kiai\/","name":"Kiai - Budokwai Karate","isPartOf":{"@id":"https:\/\/www.budokwai.fi\/karate\/#website"},"datePublished":"2015-10-14T20:44:34+00:00","breadcrumb":{"@id":"https:\/\/www.budokwai.fi\/karate\/kiai\/#breadcrumb"},"inLanguage":"en-US","potentialAction":[{"@type":"ReadAction","target":["https:\/\/www.budokwai.fi\/karate\/kiai\/"]}]},{"@type":"BreadcrumbList","@id":"https:\/\/www.budokwai.fi\/karate\/kiai\/#breadcrumb","itemListElement":[{"@type":"ListItem","position":1,"name":"Home","item":"https:\/\/www.budokwai.fi\/karate\/"},{"@type":"ListItem","position":2,"name":"Kiai"}]},{"@type":"WebSite","@id":"https:\/\/www.budokwai.fi\/karate\/#website","url":"https:\/\/www.budokwai.fi\/karate\/","name":"Budokwai Karate","description":"Budokwai karate","potentialAction":[{"@type":"SearchAction","target":{"@type":"EntryPoint","urlTemplate":"https:\/\/www.budokwai.fi\/karate\/?s={search_term_string}"},"query-input":{"@type":"PropertyValueSpecification","valueRequired":true,"valueName":"search_term_string"}}],"inLanguage":"en-US"}]}},"_links":{"self":[{"href":"https:\/\/www.budokwai.fi\/karate\/wp-json\/wp\/v2\/pages\/174","targetHints":{"allow":["GET"]}}],"collection":[{"href":"https:\/\/www.budokwai.fi\/karate\/wp-json\/wp\/v2\/pages"}],"about":[{"href":"https:\/\/www.budokwai.fi\/karate\/wp-json\/wp\/v2\/types\/page"}],"author":[{"embeddable":true,"href":"https:\/\/www.budokwai.fi\/karate\/wp-json\/wp\/v2\/users\/3"}],"replies":[{"embeddable":true,"href":"https:\/\/www.budokwai.fi\/karate\/wp-json\/wp\/v2\/comments?post=174"}],"version-history":[{"count":1,"href":"https:\/\/www.budokwai.fi\/karate\/wp-json\/wp\/v2\/pages\/174\/revisions"}],"predecessor-version":[{"id":175,"href":"https:\/\/www.budokwai.fi\/karate\/wp-json\/wp\/v2\/pages\/174\/revisions\/175"}],"wp:attachment":[{"href":"https:\/\/www.budokwai.fi\/karate\/wp-json\/wp\/v2\/media?parent=174"}],"curies":[{"name":"wp","href":"https:\/\/api.w.org\/{rel}","templated":true}]}}